{"id":347,"date":"2020-11-16T15:31:00","date_gmt":"2020-11-16T14:31:00","guid":{"rendered":"https:\/\/www.mirabiledictu-icff.com\/?page_id=347"},"modified":"2020-11-29T22:05:24","modified_gmt":"2020-11-29T21:05:24","slug":"films-in-competition-2020","status":"publish","type":"page","link":"https:\/\/www.mirabiledictu-icff.com\/?page_id=347","title":{"rendered":"Final Competition 2020"},"content":{"rendered":"\n<p><strong>BEST SHORT FILM<\/strong><br><\/p>\n\n\n\n<ul class=\"wp-block-list\"><li><em><strong>El viaje de mi vida<\/strong><\/em><strong>&nbsp;by Andr\u00e9s Camara (Spain) <\/strong><ul><li>Synopsis: A little boy has lost his grandmother. The child tries by all means to discover how to go where they have told him that he has gone to heaven. The mother sees that the child investigates and tries to help. What experiences will the child experience? Can you see your grandmother?<\/li><\/ul><\/li><\/ul>\n\n\n\n<figure class=\"wp-block-embed-vimeo wp-block-embed is-type-video is-provider-vimeo wp-embed-aspect-21-9 wp-has-aspect-ratio\"><div class=\"wp-block-embed__wrapper\">\n<iframe loading=\"lazy\" title=\"el viaje de mi vida trailer\" src=\"https:\/\/player.vimeo.com\/video\/349770707?dnt=1&amp;app_id=122963\" width=\"500\" height=\"211\" frameborder=\"0\" allow=\"autoplay; fullscreen; picture-in-picture; clipboard-write; encrypted-media; web-share\" referrerpolicy=\"strict-origin-when-cross-origin\"><\/iframe>\n<\/div><\/figure>\n\n\n\n<ul class=\"wp-block-list\"><li><em><strong>The Chaste Flower<\/strong><\/em><strong>\u00a0by Robin Varghese (USA)\u00a0<\/strong><ul><li>Synopsis: A short movie about a young girl named Angelena Lyaka from the Samia tribe in the 1920\u2019s Uganda. She loved God and chose to live a life of faith and adherence to the Ten Commandments. Her devotion to God led her to make the decision to live a chaste life. Although the African polygamist culture placed a value on motherhood, it did not value the moral choice of chastity. She was martyred for resisting the sin of adultery and defending her faith choice to remain chaste for God. <\/li><\/ul><\/li><\/ul>\n\n\n\n<figure class=\"wp-block-video\"><video controls=\"\" src=\"https:\/\/www.mirabiledictu-icff.com\/wp-content\/uploads\/2020\/11\/The-Chaste-Flower.mp4\" width=\"500\"><\/video><\/figure>\n\n\n\n<ul class=\"wp-block-list\"><li><em><strong>Medjugorje Land of Faith<\/strong><\/em><strong>&nbsp;by Pietro Pellizzieri (Italy)&nbsp;<\/strong><ul><li>Synopsis: The controversial capital of the faith in the Balkans. It is an objective story between faith and popular belief, it describes places of faith and tells their story. <\/li><\/ul><\/li><\/ul>\n\n\n\n<figure class=\"wp-block-video\"><video controls=\"\" src=\"https:\/\/www.mirabiledictu-icff.com\/wp-content\/uploads\/2020\/11\/Medjugorje-1.mp4\" width=\"500\"><\/video><\/figure>\n\n\n\n<p><br><strong>BEST DOCUMENTARY<\/strong><br><\/p>\n\n\n\n<ul class=\"wp-block-list\"><li><em><strong>I Have a Name<\/strong><\/em><strong>&nbsp;by Lucia Mauro&nbsp;(USA)<\/strong><ul><li>Synopsis: A sight of the Chicago HELP Initiative (CHI) \u2013 founded by Jacqueline C. Hayes \u2013 and its partners, who empower those in need through access to meals, health services, shelter, adult education, job training and arts. Those who have experienced job loss, homelessness and other challenges tell their own compelling stories, also in the Covid-19 epidemic context. Featured partnering organizations include Catholic Charities of the Archdiocese of Chicago, Assumption Catholic Church and Old St. Patrick&rsquo;s Church.<\/li><\/ul><\/li><\/ul>\n\n\n\n<figure class=\"wp-block-embed-vimeo wp-block-embed is-type-video is-provider-vimeo wp-embed-aspect-16-9 wp-has-aspect-ratio\"><div class=\"wp-block-embed__wrapper\">\n<iframe loading=\"lazy\" title=\"I Have a Name\" src=\"https:\/\/player.vimeo.com\/video\/429449626?dnt=1&amp;app_id=122963\" width=\"500\" height=\"281\" frameborder=\"0\" allow=\"autoplay; fullscreen; picture-in-picture; clipboard-write; encrypted-media; web-share\" referrerpolicy=\"strict-origin-when-cross-origin\"><\/iframe>\n<\/div><\/figure>\n\n\n\n<ul class=\"wp-block-list\"><li><em><strong>Benedict XVI<\/strong><\/em><strong>.<\/strong><em><strong>\u00a0The Pope Emeritus<\/strong><\/em><strong>\u00a0by Andr\u00e9s Garrig\u00f2 (Spain)<\/strong><ul><li>Synopsis:  The great milestones of Benedict XVI&rsquo;s life: professor, expert of the Second Vatican Council, collaborator of John Paul II, and his pontificate that ended with an unimaginable surprise: his resignation. His battles for faith and for transparency within the Church provoked criticism and disloyalty. It was a long Way of the Cross that ended with a master lesson of humility giving way to his successor, Francisco, whom he obeyed and never criticized.<\/li><\/ul><\/li><\/ul>\n\n\n\n<figure class=\"wp-block-video\"><video height=\"1080\" style=\"aspect-ratio: 1920 \/ 1080;\" controls src=\"https:\/\/www.mirabiledictu-icff.com\/wp-content\/uploads\/2020\/11\/Benedicto-XVI-The-Emeritus-Pope-English-Trailer.mp4\" width=\"1920\"><\/video><\/figure>\n\n\n\n<ul class=\"wp-block-list\"><li><em><strong>Zambia: Preachers of the Road&nbsp;<\/strong><\/em><strong>&nbsp;by Marek Skrzecz (Germany)&nbsp;<\/strong><ul><li>Synopsis: In the hinterlands of Zambia, the vast distances mean that priests and sisters have to travel several miles across rugged and risky terrain to reach and minister to the faithful. Injury and death are very common. The maintenance of the vehicles needed for their work are a source of constant worry and costs. The film shows the missionary activity of those mechanics \u2013 also priests and missionaries \u2013 who serve in maintaining the jeeps and boats to enable the word of God to reach the isolated faithful.  <\/li><\/ul><\/li><\/ul>\n\n\n\n<figure class=\"wp-block-embed-youtube wp-block-embed is-type-video is-provider-youtube wp-embed-aspect-16-9 wp-has-aspect-ratio\"><div class=\"wp-block-embed__wrapper\">\nhttps:\/\/www.youtube.com\/watch?v=F6f-tCkuswM\n<\/div><\/figure>\n\n\n\n<p><br><strong>BEST FILM<\/strong><br><\/p>\n\n\n\n<ul class=\"wp-block-list\"><li><em><strong>The Devoted<\/strong><\/em><strong>&nbsp;by&nbsp;Zsolt Pozsgai (Feature &#8211; Hungary)<\/strong><ul><li>Synopsis: In the 1536\u2019s Europe, the battle between the Catholic Church and the Reformation is cruel. While the high priests of the Church are burning the followers of Luther, the monarchs of the Reformed faith are claiming revenge by persecuting the Catholics. In this atmosphere, the young Calvin is trying to convert the whole Switzerland through debates, mainly in the churches. The film shows one of them, in which he is faced to a great opponent, Ignatius of Loyola (later the founder of the Jesuits), who wants to renew the Church from inside. Love, treason, faith\u2026 is the renewal of the contemporary Europe only possible by war and horror?<\/li><\/ul><\/li><\/ul>\n\n\n\n<figure class=\"wp-block-embed-youtube wp-block-embed is-type-video is-provider-youtube wp-embed-aspect-16-9 wp-has-aspect-ratio\"><div class=\"wp-block-embed__wrapper\">\n<iframe loading=\"lazy\" title=\"THE DEVOTED film by Zsolt Pozsgai english trailer\" width=\"500\" height=\"281\" src=\"https:\/\/www.youtube.com\/embed\/Gn79daRY87o?feature=oembed\" frameborder=\"0\" allow=\"accelerometer; autoplay; clipboard-write; encrypted-media; gyroscope; picture-in-picture; web-share\" referrerpolicy=\"strict-origin-when-cross-origin\" allowfullscreen><\/iframe>\n<\/div><\/figure>\n\n\n\n<ul class=\"wp-block-list\"><li><em><strong>The Day of Wrath<\/strong><\/em><strong>&nbsp;by Jacek Raginis Kr\u00f3likiewicz&nbsp; (Feature &#8211; Poland)<\/strong><ul><li>Synopsis: During World War II, Poland is kept under German occupation. A young Jewish refugee, Emanuel Blatt, is asking for help to a monastery. The monks face the most difficult dilemma. An SS squadron-leader comes to this monastery. The film is a full of tension blend of a war thriller and a morality play. Holocaust and hope for survival are the main themes of \u201cThe Day of Wrath\u201d.<\/li><\/ul><\/li><\/ul>\n\n\n\n<figure class=\"wp-block-video\"><video controls=\"\" src=\"https:\/\/www.mirabiledictu-icff.com\/wp-content\/uploads\/2020\/11\/The-Day-of-Wrath-Dzien\u0301-gniewu-\u2013-trailer-EN-plik-na-festiwale.mp4\" width=\"500\"><\/video><\/figure>\n\n\n\n<ul class=\"wp-block-list\"><li><em><strong>Friar Dami\u00e3o<\/strong><\/em><strong>\u00a0by\u00a0Deby Brennand (Documentary &#8211; Brasil)\u00a0\u00a0<\/strong><ul><li>Synopsis: Friar Dami\u00e3o \u2013 Saint Missionary is the story of the Italian capuchin who arrived in the Brazilian Northeast in the 1930s and that throughout 66 years became a wanderer in search of the salvation of souls. His process of canonization showed who was Pio Gianotti, this religious who, since childhood, gave himself to God and His designs. Through reconstitutions and testimonials from people touched by his faith, it presents the story of the man behind the Saint; his catechization style, controversies involving politics and conservative sermons, the commotion caused by his departure and reports of miracles that made his fame.<\/li><\/ul><\/li><\/ul>\n\n\n\n<figure class=\"wp-block-embed-vimeo wp-block-embed is-type-video is-provider-vimeo wp-embed-aspect-16-9 wp-has-aspect-ratio\"><div class=\"wp-block-embed__wrapper\">\n<iframe loading=\"lazy\" title=\"Trailer &#039;Friar Dami\u00e3o - Saint Missionary&#039; (english subtitles)\" src=\"https:\/\/player.vimeo.com\/video\/391478790?dnt=1&amp;app_id=122963\" width=\"500\" height=\"281\" frameborder=\"0\" allow=\"autoplay; fullscreen; picture-in-picture; clipboard-write; encrypted-media; web-share\" referrerpolicy=\"strict-origin-when-cross-origin\"><\/iframe>\n<\/div><\/figure>\n\n\n\n<p><br><strong>BEST DIRECTOR<\/strong><br><\/p>\n\n\n\n<ul class=\"wp-block-list\"><li><strong>Pablo Moreno for&nbsp;<\/strong><em><strong>Claret<\/strong><\/em><strong>&nbsp;(Feature &#8211; Spain)<\/strong><ul><li>A film about the life of the Spanish Archbishop Claret.<\/li><\/ul><\/li><\/ul>\n\n\n\n<figure class=\"wp-block-embed-youtube wp-block-embed is-type-video is-provider-youtube wp-embed-aspect-16-9 wp-has-aspect-ratio\"><div class=\"wp-block-embed__wrapper\">\n<iframe loading=\"lazy\" title=\"Trailer CLARET\" width=\"500\" height=\"281\" src=\"https:\/\/www.youtube.com\/embed\/gF1sqohLLVQ?feature=oembed\" frameborder=\"0\" allow=\"accelerometer; autoplay; clipboard-write; encrypted-media; gyroscope; picture-in-picture; web-share\" referrerpolicy=\"strict-origin-when-cross-origin\" allowfullscreen><\/iframe>\n<\/div><\/figure>\n\n\n\n<ul class=\"wp-block-list\"><li><strong>Silvia Ko\u0161\u0165ov\u00e1&nbsp;for&nbsp;<\/strong><em><strong>Born for Heaven<\/strong><\/em><strong>&nbsp;(Docudrama &#8211; Slovakia)&nbsp;<\/strong><ul><li>Synopsis: The lives and the martyrdom of three Catholic priests &#8211; Marcus Krizin and two Jesuits, Stephen Pongracz and Melchior Grodeczki. All of them gave the most valuable thing they had, their lives for fidelity to the Catholic Church and the Pope, in the background of historical events of the 17th century. The story of the Three Ko\u0161ice Martyrs is a strong story of faith and commitment. In addition to the life of Three Ko\u0161ice Martyrs, the documentary also focuses on their cult, respect for them after death and an explanation of the reasons given by the Catholic Church led to the canonization of priests.<\/li><\/ul><\/li><\/ul>\n\n\n\n<figure class=\"wp-block-video\"><video controls=\"\" src=\"https:\/\/www.mirabiledictu-icff.com\/wp-content\/uploads\/2020\/11\/Born-for-Heaven.mp4\" width=\"500\"><\/video><\/figure>\n\n\n\n<ul class=\"wp-block-list\"><li><strong>Antonio Olivi\u00e9 for&nbsp;<\/strong><em><strong>John Paul II is Still Alive<\/strong><\/em><strong>&nbsp;&nbsp;(Documentary &#8211; Spain)<\/strong><ul><li>The canonization of John Paul II has produced more than 15,000 messages of healings or extraordinary events. Two of these cases, involving a mother from Costa Rica and a religious sister from France, have been analyzed by prestigious medical specialists. Their conclusion is clear: There is no scientific explanation for the healings. The documentary analyses these miracles from the protagonists&rsquo; perspective and some of the doctors who investigated them. Rome Reports interviews people who knew John Paul II and who claim to have received some special grace through his intercession.<\/li><\/ul><\/li><\/ul>\n\n\n\n<figure class=\"wp-block-embed-vimeo wp-block-embed is-type-video is-provider-vimeo wp-embed-aspect-16-9 wp-has-aspect-ratio\"><div class=\"wp-block-embed__wrapper\">\nhttps:\/\/vimeo.com\/458228525\n<\/div><\/figure>\n\n\n\n<p><br><strong>CAPAX DEI FOUNDATION AWARD<\/strong><br><\/p>\n\n\n\n<ul class=\"wp-block-list\"><li><strong><em>Formation<\/em>&nbsp;&nbsp;by&nbsp;John \u00ab\u00a0JP\u00a0\u00bb Kloess (USA)<\/strong><ul><li>It s a feature length documentary film chronicling the experience of fifteen men as they discern and recount their experience of discernment within the Order of Friars Minor Capuchin. This film comprehensively takes the layman through the stages of formation and explains their purpose within the Franciscan movement.<\/li><\/ul><\/li><\/ul>\n\n\n\n<figure class=\"wp-block-embed-youtube wp-block-embed is-type-video is-provider-youtube wp-embed-aspect-16-9 wp-has-aspect-ratio\"><div class=\"wp-block-embed__wrapper\">\n<iframe loading=\"lazy\" title=\"&quot;Formation&quot; | Documentary Film trailer\" width=\"500\" height=\"281\" src=\"https:\/\/www.youtube.com\/embed\/srSw0vQLOBs?feature=oembed\" frameborder=\"0\" allow=\"accelerometer; autoplay; clipboard-write; encrypted-media; gyroscope; picture-in-picture; web-share\" referrerpolicy=\"strict-origin-when-cross-origin\" allowfullscreen><\/iframe>\n<\/div><\/figure>\n","protected":false},"excerpt":{"rendered":"<div class=\"slide-text-bg2\"><span>BEST SHORT FILM El viaje de mi vida&nbsp;by Andr\u00e9s Camara (Spain) Synopsis: A little boy has lost his grandmother. The child tries by all means to discove<\/span><\/div>\n<div class=\"slide-btn-area-sm\"><a href=\"https:\/\/www.mirabiledictu-icff.com\/?page_id=347\" class=\"slide-btn-sm\">Lire la suite<\/a><\/div>\n","protected":false},"author":1,"featured_media":0,"parent":0,"menu_order":0,"comment_status":"closed","ping_status":"closed","template":"","meta":{"footnotes":""},"class_list":["post-347","page","type-page","status-publish","hentry"],"_links":{"self":[{"href":"https:\/\/www.mirabiledictu-icff.com\/index.php?rest_route=\/wp\/v2\/pages\/347","targetHints":{"allow":["GET"]}}],"collection":[{"href":"https:\/\/www.mirabiledictu-icff.com\/index.php?rest_route=\/wp\/v2\/pages"}],"about":[{"href":"https:\/\/www.mirabiledictu-icff.com\/index.php?rest_route=\/wp\/v2\/types\/page"}],"author":[{"embeddable":true,"href":"https:\/\/www.mirabiledictu-icff.com\/index.php?rest_route=\/wp\/v2\/users\/1"}],"replies":[{"embeddable":true,"href":"https:\/\/www.mirabiledictu-icff.com\/index.php?rest_route=%2Fwp%2Fv2%2Fcomments&post=347"}],"version-history":[{"count":55,"href":"https:\/\/www.mirabiledictu-icff.com\/index.php?rest_route=\/wp\/v2\/pages\/347\/revisions"}],"predecessor-version":[{"id":454,"href":"https:\/\/www.mirabiledictu-icff.com\/index.php?rest_route=\/wp\/v2\/pages\/347\/revisions\/454"}],"wp:attachment":[{"href":"https:\/\/www.mirabiledictu-icff.com\/index.php?rest_route=%2Fwp%2Fv2%2Fmedia&parent=347"}],"curies":[{"name":"wp","href":"https:\/\/api.w.org\/{rel}","templated":true}]}}

<p><strong>BEST SHORT FILM</strong><br></p>



<ul class="wp-block-list"><li><em><strong>El viaje de mi vida</strong></em><strong>&nbsp;by Andrés Camara (Spain) </strong><ul><li>Synopsis: A little boy has lost his grandmother. The child tries by all means to discover how to go where they have told him that he has gone to heaven. The mother sees that the child investigates and tries to help. What experiences will the child experience? Can you see your grandmother?</li></ul></li></ul>



<figure class="wp-block-embed-vimeo wp-block-embed is-type-video is-provider-vimeo wp-embed-aspect-21-9 wp-has-aspect-ratio"><div class="wp-block-embed__wrapper">
<iframe loading="lazy" title="el viaje de mi vida trailer" src="https://player.vimeo.com/video/349770707?dnt=1&amp;app_id=122963" width="500" height="211" frameborder="0" allow="autoplay; fullscreen; picture-in-picture; clipboard-write; encrypted-media; web-share" referrerpolicy="strict-origin-when-cross-origin"></iframe>
</div></figure>



<ul class="wp-block-list"><li><em><strong>The Chaste Flower</strong></em><strong> by Robin Varghese (USA) </strong><ul><li>Synopsis: A short movie about a young girl named Angelena Lyaka from the Samia tribe in the 1920’s Uganda. She loved God and chose to live a life of faith and adherence to the Ten Commandments. Her devotion to God led her to make the decision to live a chaste life. Although the African polygamist culture placed a value on motherhood, it did not value the moral choice of chastity. She was martyred for resisting the sin of adultery and defending her faith choice to remain chaste for God. </li></ul></li></ul>



<figure class="wp-block-video"><video controls="" src="https://www.mirabiledictu-icff.com/wp-content/uploads/2020/11/The-Chaste-Flower.mp4" width="500"></video></figure>



<ul class="wp-block-list"><li><em><strong>Medjugorje Land of Faith</strong></em><strong>&nbsp;by Pietro Pellizzieri (Italy)&nbsp;</strong><ul><li>Synopsis: The controversial capital of the faith in the Balkans. It is an objective story between faith and popular belief, it describes places of faith and tells their story. </li></ul></li></ul>



<figure class="wp-block-video"><video controls="" src="https://www.mirabiledictu-icff.com/wp-content/uploads/2020/11/Medjugorje-1.mp4" width="500"></video></figure>



<p><br><strong>BEST DOCUMENTARY</strong><br></p>



<ul class="wp-block-list"><li><em><strong>I Have a Name</strong></em><strong>&nbsp;by Lucia Mauro&nbsp;(USA)</strong><ul><li>Synopsis: A sight of the Chicago HELP Initiative (CHI) – founded by Jacqueline C. Hayes – and its partners, who empower those in need through access to meals, health services, shelter, adult education, job training and arts. Those who have experienced job loss, homelessness and other challenges tell their own compelling stories, also in the Covid-19 epidemic context. Featured partnering organizations include Catholic Charities of the Archdiocese of Chicago, Assumption Catholic Church and Old St. Patrick&rsquo;s Church.</li></ul></li></ul>



<figure class="wp-block-embed-vimeo wp-block-embed is-type-video is-provider-vimeo wp-embed-aspect-16-9 wp-has-aspect-ratio"><div class="wp-block-embed__wrapper">
<iframe loading="lazy" title="I Have a Name" src="https://player.vimeo.com/video/429449626?dnt=1&amp;app_id=122963" width="500" height="281" frameborder="0" allow="autoplay; fullscreen; picture-in-picture; clipboard-write; encrypted-media; web-share" referrerpolicy="strict-origin-when-cross-origin"></iframe>
</div></figure>



<ul class="wp-block-list"><li><em><strong>Benedict XVI</strong></em><strong>.</strong><em><strong> The Pope Emeritus</strong></em><strong> by Andrés Garrigò (Spain)</strong><ul><li>Synopsis:  The great milestones of Benedict XVI&rsquo;s life: professor, expert of the Second Vatican Council, collaborator of John Paul II, and his pontificate that ended with an unimaginable surprise: his resignation. His battles for faith and for transparency within the Church provoked criticism and disloyalty. It was a long Way of the Cross that ended with a master lesson of humility giving way to his successor, Francisco, whom he obeyed and never criticized.</li></ul></li></ul>



<figure class="wp-block-video"><video height="1080" style="aspect-ratio: 1920 / 1080;" controls src="https://www.mirabiledictu-icff.com/wp-content/uploads/2020/11/Benedicto-XVI-The-Emeritus-Pope-English-Trailer.mp4" width="1920"></video></figure>



<ul class="wp-block-list"><li><em><strong>Zambia: Preachers of the Road&nbsp;</strong></em><strong>&nbsp;by Marek Skrzecz (Germany)&nbsp;</strong><ul><li>Synopsis: In the hinterlands of Zambia, the vast distances mean that priests and sisters have to travel several miles across rugged and risky terrain to reach and minister to the faithful. Injury and death are very common. The maintenance of the vehicles needed for their work are a source of constant worry and costs. The film shows the missionary activity of those mechanics – also priests and missionaries – who serve in maintaining the jeeps and boats to enable the word of God to reach the isolated faithful.  </li></ul></li></ul>



<figure class="wp-block-embed-youtube wp-block-embed is-type-video is-provider-youtube wp-embed-aspect-16-9 wp-has-aspect-ratio"><div class="wp-block-embed__wrapper">
https://www.youtube.com/watch?v=F6f-tCkuswM
</div></figure>



<p><br><strong>BEST FILM</strong><br></p>



<ul class="wp-block-list"><li><em><strong>The Devoted</strong></em><strong>&nbsp;by&nbsp;Zsolt Pozsgai (Feature &#8211; Hungary)</strong><ul><li>Synopsis: In the 1536’s Europe, the battle between the Catholic Church and the Reformation is cruel. While the high priests of the Church are burning the followers of Luther, the monarchs of the Reformed faith are claiming revenge by persecuting the Catholics. In this atmosphere, the young Calvin is trying to convert the whole Switzerland through debates, mainly in the churches. The film shows one of them, in which he is faced to a great opponent, Ignatius of Loyola (later the founder of the Jesuits), who wants to renew the Church from inside. Love, treason, faith… is the renewal of the contemporary Europe only possible by war and horror?</li></ul></li></ul>



<figure class="wp-block-embed-youtube wp-block-embed is-type-video is-provider-youtube wp-embed-aspect-16-9 wp-has-aspect-ratio"><div class="wp-block-embed__wrapper">
<iframe loading="lazy" title="THE DEVOTED film by Zsolt Pozsgai english trailer" width="500" height="281" src="https://www.youtube.com/embed/Gn79daRY87o?feature=oembed" frameborder="0" allow="accelerometer; autoplay; clipboard-write; encrypted-media; gyroscope; picture-in-picture; web-share" referrerpolicy="strict-origin-when-cross-origin" allowfullscreen></iframe>
</div></figure>



<ul class="wp-block-list"><li><em><strong>The Day of Wrath</strong></em><strong>&nbsp;by Jacek Raginis Królikiewicz&nbsp; (Feature &#8211; Poland)</strong><ul><li>Synopsis: During World War II, Poland is kept under German occupation. A young Jewish refugee, Emanuel Blatt, is asking for help to a monastery. The monks face the most difficult dilemma. An SS squadron-leader comes to this monastery. The film is a full of tension blend of a war thriller and a morality play. Holocaust and hope for survival are the main themes of “The Day of Wrath”.</li></ul></li></ul>



<figure class="wp-block-video"><video controls="" src="https://www.mirabiledictu-icff.com/wp-content/uploads/2020/11/The-Day-of-Wrath-Dzień-gniewu-–-trailer-EN-plik-na-festiwale.mp4" width="500"></video></figure>



<ul class="wp-block-list"><li><em><strong>Friar Damião</strong></em><strong> by Deby Brennand (Documentary &#8211; Brasil)  </strong><ul><li>Synopsis: Friar Damião – Saint Missionary is the story of the Italian capuchin who arrived in the Brazilian Northeast in the 1930s and that throughout 66 years became a wanderer in search of the salvation of souls. His process of canonization showed who was Pio Gianotti, this religious who, since childhood, gave himself to God and His designs. Through reconstitutions and testimonials from people touched by his faith, it presents the story of the man behind the Saint; his catechization style, controversies involving politics and conservative sermons, the commotion caused by his departure and reports of miracles that made his fame.</li></ul></li></ul>



<figure class="wp-block-embed-vimeo wp-block-embed is-type-video is-provider-vimeo wp-embed-aspect-16-9 wp-has-aspect-ratio"><div class="wp-block-embed__wrapper">
<iframe loading="lazy" title="Trailer &#039;Friar Damião - Saint Missionary&#039; (english subtitles)" src="https://player.vimeo.com/video/391478790?dnt=1&amp;app_id=122963" width="500" height="281" frameborder="0" allow="autoplay; fullscreen; picture-in-picture; clipboard-write; encrypted-media; web-share" referrerpolicy="strict-origin-when-cross-origin"></iframe>
</div></figure>



<p><br><strong>BEST DIRECTOR</strong><br></p>



<ul class="wp-block-list"><li><strong>Pablo Moreno for&nbsp;</strong><em><strong>Claret</strong></em><strong>&nbsp;(Feature &#8211; Spain)</strong><ul><li>A film about the life of the Spanish Archbishop Claret.</li></ul></li></ul>



<figure class="wp-block-embed-youtube wp-block-embed is-type-video is-provider-youtube wp-embed-aspect-16-9 wp-has-aspect-ratio"><div class="wp-block-embed__wrapper">
<iframe loading="lazy" title="Trailer CLARET" width="500" height="281" src="https://www.youtube.com/embed/gF1sqohLLVQ?feature=oembed" frameborder="0" allow="accelerometer; autoplay; clipboard-write; encrypted-media; gyroscope; picture-in-picture; web-share" referrerpolicy="strict-origin-when-cross-origin" allowfullscreen></iframe>
</div></figure>



<ul class="wp-block-list"><li><strong>Silvia Košťová&nbsp;for&nbsp;</strong><em><strong>Born for Heaven</strong></em><strong>&nbsp;(Docudrama &#8211; Slovakia)&nbsp;</strong><ul><li>Synopsis: The lives and the martyrdom of three Catholic priests &#8211; Marcus Krizin and two Jesuits, Stephen Pongracz and Melchior Grodeczki. All of them gave the most valuable thing they had, their lives for fidelity to the Catholic Church and the Pope, in the background of historical events of the 17th century. The story of the Three Košice Martyrs is a strong story of faith and commitment. In addition to the life of Three Košice Martyrs, the documentary also focuses on their cult, respect for them after death and an explanation of the reasons given by the Catholic Church led to the canonization of priests.</li></ul></li></ul>



<figure class="wp-block-video"><video controls="" src="https://www.mirabiledictu-icff.com/wp-content/uploads/2020/11/Born-for-Heaven.mp4" width="500"></video></figure>



<ul class="wp-block-list"><li><strong>Antonio Olivié for&nbsp;</strong><em><strong>John Paul II is Still Alive</strong></em><strong>&nbsp;&nbsp;(Documentary &#8211; Spain)</strong><ul><li>The canonization of John Paul II has produced more than 15,000 messages of healings or extraordinary events. Two of these cases, involving a mother from Costa Rica and a religious sister from France, have been analyzed by prestigious medical specialists. Their conclusion is clear: There is no scientific explanation for the healings. The documentary analyses these miracles from the protagonists&rsquo; perspective and some of the doctors who investigated them. Rome Reports interviews people who knew John Paul II and who claim to have received some special grace through his intercession.</li></ul></li></ul>



<figure class="wp-block-embed-vimeo wp-block-embed is-type-video is-provider-vimeo wp-embed-aspect-16-9 wp-has-aspect-ratio"><div class="wp-block-embed__wrapper">
https://vimeo.com/458228525
</div></figure>



<p><br><strong>CAPAX DEI FOUNDATION AWARD</strong><br></p>



<ul class="wp-block-list"><li><strong><em>Formation</em>&nbsp;&nbsp;by&nbsp;John « JP » Kloess (USA)</strong><ul><li>It s a feature length documentary film chronicling the experience of fifteen men as they discern and recount their experience of discernment within the Order of Friars Minor Capuchin. This film comprehensively takes the layman through the stages of formation and explains their purpose within the Franciscan movement.</li></ul></li></ul>



<figure class="wp-block-embed-youtube wp-block-embed is-type-video is-provider-youtube wp-embed-aspect-16-9 wp-has-aspect-ratio"><div class="wp-block-embed__wrapper">
<iframe loading="lazy" title="&quot;Formation&quot; | Documentary Film trailer" width="500" height="281" src="https://www.youtube.com/embed/srSw0vQLOBs?feature=oembed" frameborder="0" allow="accelerometer; autoplay; clipboard-write; encrypted-media; gyroscope; picture-in-picture; web-share" referrerpolicy="strict-origin-when-cross-origin" allowfullscreen></iframe>
</div></figure>

<div class="slide-text-bg2"><span>BEST SHORT FILM El viaje de mi vida&nbsp;by Andrés Camara (Spain) Synopsis: A little boy has lost his grandmother. The child tries by all means to discove</span></div>
<div class="slide-btn-area-sm"><a href="https://www.mirabiledictu-icff.com/?page_id=347" class="slide-btn-sm">Lire la suite</a></div>
