{"id":119,"date":"2019-11-08T16:20:35","date_gmt":"2019-11-08T15:20:35","guid":{"rendered":"http:\/\/www.mirabiledictu-icff.com\/?page_id=119"},"modified":"2019-11-08T16:23:31","modified_gmt":"2019-11-08T15:23:31","slug":"2018-press-release","status":"publish","type":"page","link":"https:\/\/www.mirabiledictu-icff.com\/?page_id=119","title":{"rendered":"2018 Press Release"},"content":{"rendered":"\n<h2 class=\"wp-block-heading\">COMUNICATO STAMPA<\/h2>\n\n\n\n<h3 class=\"wp-block-heading\">Cinema, \u201cPane dal cielo\u201d miglior pellicola alla IX edizione del Festival del Film Cattolico<\/h3>\n\n\n\n<h4 class=\"wp-block-heading\">Il cardinale Ravasi: \u201cIl cinema \u00e8 un\u2019esperienza di luce\u201d. La presidente Liana Marabini presenta una nuova piattaforma di distribuzione per i film cattolici.<\/h4>\n\n\n\n<p>Roma, 30 novembre 2018 \u2013 Con la cerimonia di premiazione e la cena di gala a Palazzo Ruspoli, si \u00e8 conclusa ieri sera a Roma la IX edizione dell\u2019International Catholic Film Festival Mirabile Dictu, appuntamento noto e sempre pi\u00f9 atteso nel panorama internazionale. Doppio riconoscimento per il film Pane dal cielo (Italia): miglior film e miglior regista. Miglior cortometraggio Conversaci\u00f3n di Cristian Garc\u00eda (Per\u00f9); miglior documentario La Madonna Nera di Bernadeta T\u00f3karova (Slovacchia).<\/p>\n\n\n\n<p>Nel suo saluto introduttivo, il cardinale Gianfranco Ravasi ha ricordato il \u201clegame molto stretto\u201d e il ruolo di \u201cmecenate\u201d della presidente del Festival Liana Marabini con il Dicastero vaticano da lui presieduto, il Pontificio Consiglio per la Cultura, che ha accordato l\u2019Alto patronato al Festival fin dalla prima edizione nel 2010.<\/p>\n\n\n\n<p>Riprendendo un dialogo di Kafka, risalente al periodo in cui iniziava a diffondersi l\u2019arte cinematografica, il cardinale ha evidenziato come lo scrittore fosse affascinato dalla possibilit\u00e0 di \u201cintrecciare la parola e l\u2019immagine, cio\u00e8 due emozioni che sono diverse\u201d. \u201cIo penso \u2013 scriveva Kafka \u2013 che forse nel futuro quelle che erano le corde delle lire dei poeti diventeranno progressivamente queste lunghe strisce di celluloide che sono i film\u201d. \u201cIn realt\u00e0 noi sappiamo \u2013 ha chiosato il cardinale \u2013 che su queste strisce di celluloide \u00e8 passato e passa ancora di tutto, anche il peggio dell\u2019umanit\u00e0, ma d\u2019altra parte \u00e8 pur vero che ci sono dei registi che hanno realizzato dei capolavori, basti pensare a Bergman, Bresson, Tarkovskij\u201d.<\/p>\n\n\n\n<p>Rifacendosi al cinema cristologico e pi\u00f9 in generale alle pellicole d\u2019ispirazione religiosa, il cardinale Ravasi ha citato un altro passo di Kafka: \u201cCristo \u00e8 come un abisso di luce, bisogna chiudere gli occhi per non precipitarvi\u201d, \u201cuna definizione \u2013 secondo il cardinale \u2013 che \u00e8 anche adatta al cinema, che \u00e8 una esperienza di luce. Io credo quindi che i temi religiosi possano entrare in queste strisce, non pi\u00f9 di celluloide, che cantano il mistero religioso come la grandezza del divino e dell\u2019umano insieme\u201d.<\/p>\n\n\n\n<p>La presidente del Festival, la regista e produttrice Liana Marabini, ha ringraziato i presenti e i numerosi produttori che da ogni parte del mondo candidano ogni anno le loro opere e ha illustrato il progetto di una piattaforma di distribuzione per i film cattolici (\u201cThe Netflix of the Catholic films\u201d), presentata nel corso di un Summit in Costa Azzurra lo scorso ottobre, che intende offrire una ulteriore possibilit\u00e0 a produttori e distributori per la diffusione delle loro opere. Tutte le informazioni relative a questo progetto saranno disponibili scrivendo a\u00a0<a href=\"mailto:info@mirabiledictu-icff.com.\">info@mirabiledictu-icff.com.<\/a><\/p>\n\n\n\n<p>Oltre mille le pellicole pervenute quest\u2019anno alla segreteria del Festival. Questi i vincitori decretati dalla Giuria \u2013 presieduta dall\u2019attore inglese Rupert Wynne-James e composta dalla principessa Maria Pia Ruspoli, attrice, dal distributore e produttore austriaco professor Norbert Blecha \u2013 ai quali \u00e8 stato consegnato il Pesce d\u2019Argento, ispirato al primo simbolo cristiano.<\/p>\n\n\n\n<p>Miglior cortometraggio: Conversaci\u00f3n di Cristian Garc\u00eda (Per\u00f9).Basato su un\u2019esperienza personale, con la quale milioni di persone possono identificarsi, il cortometraggio racconta l\u2019incontro particolare tra Ges\u00f9 e un giovane lontano dalla fede, che lo affronta con domande incisive sulla dura ingiustizia della malattia, la solitudine e l\u2019impotenza di fronte al dolore.<br>Miglior documentario: La Madonna Nera di Bernadeta T\u00f3karova (Slovacchia).<\/p>\n\n\n\n<p>Miglior regista: Giovanni Bedeschi, per il film Pane dal cielo (Italia).<br>Miglior film: Pane dal cielo di Giovanni Bedeschi (Italia)La storia inizia a Milano, in una fredda notte di Natale. Due senzatetto, Lilli (Donatella Bartoli) e Annibale (Sergio Leone), trovano in un cassonetto della spazzatura un bambino, di cui iniziano a prendersi cura. Il bambino \u00e8 speciale, unico: non tutti lo riescono a vedere\u2026 Da lui verr\u00e0 un fortissimo messaggio di fratellanza e solidariet\u00e0 rivolto a tutti gli uomini che lo vorranno ascoltare.<\/p>\n\n\n\n<p>Il Premio speciale della Capax Dei Foundation \u00e8 andato al documentario Benedetto XVI, l\u2019ora della verit\u00e0, prodotto dall\u2019agenzia televisiva Rome Reports, a cura dei giornalisti Javier Mart\u00ednez-Brocal e Antonio Olivi\u00e9.Nel documentario, che vanta la collaborazione di Tv2000 e della Fondazione Vaticana Joseph Ratzinger-Benedetto XVI, oltre al patrocinio della Fondazione Ram\u00f3n Tallaj Ure\u00f1a, si ripercorre brevemente la lunga e intensa vita del Papa emerito, analizzando in particolare i motivi della sua rinuncia, con interviste, tra gli altri, a mons. Georg Ratzinger, fratello del Papa emerito, monsignor Georg G\u00e4nswein, prefetto della Casa Pontificia e segretario particolare di Benedetto XVI, il cardinale Christoph Sch\u00f6nborn, arcivescovo di Vienna, padre Federico Lombardi, gi\u00e0 direttore della Sala Stampa della Santa Sede e oggi presidente della Fondazione Ratzinger, padre Stephan Horn, assistente universitario del professor Ratzinger a Ratisbona.<\/p>\n\n\n\n<p>La cerimonia di premiazione \u00e8 stata presentata, con garbo ed eleganza e come ormai da numerosi anni, dal giornalista Armando Torno. <\/p>\n","protected":false},"excerpt":{"rendered":"<div class=\"slide-text-bg2\"><span>COMUNICATO STAMPA Cinema, \u201cPane dal cielo\u201d miglior pellicola alla IX edizione del Festival del Film Cattolico Il cardinale Ravasi: \u201cIl cinema \u00e8 un?<\/span><\/div>\n<div class=\"slide-btn-area-sm\"><a href=\"https:\/\/www.mirabiledictu-icff.com\/?page_id=119\" class=\"slide-btn-sm\">Lire la suite<\/a><\/div>\n","protected":false},"author":1,"featured_media":0,"parent":0,"menu_order":0,"comment_status":"closed","ping_status":"closed","template":"","meta":{"footnotes":""},"class_list":["post-119","page","type-page","status-publish","hentry"],"_links":{"self":[{"href":"https:\/\/www.mirabiledictu-icff.com\/index.php?rest_route=\/wp\/v2\/pages\/119","targetHints":{"allow":["GET"]}}],"collection":[{"href":"https:\/\/www.mirabiledictu-icff.com\/index.php?rest_route=\/wp\/v2\/pages"}],"about":[{"href":"https:\/\/www.mirabiledictu-icff.com\/index.php?rest_route=\/wp\/v2\/types\/page"}],"author":[{"embeddable":true,"href":"https:\/\/www.mirabiledictu-icff.com\/index.php?rest_route=\/wp\/v2\/users\/1"}],"replies":[{"embeddable":true,"href":"https:\/\/www.mirabiledictu-icff.com\/index.php?rest_route=%2Fwp%2Fv2%2Fcomments&post=119"}],"version-history":[{"count":3,"href":"https:\/\/www.mirabiledictu-icff.com\/index.php?rest_route=\/wp\/v2\/pages\/119\/revisions"}],"predecessor-version":[{"id":124,"href":"https:\/\/www.mirabiledictu-icff.com\/index.php?rest_route=\/wp\/v2\/pages\/119\/revisions\/124"}],"wp:attachment":[{"href":"https:\/\/www.mirabiledictu-icff.com\/index.php?rest_route=%2Fwp%2Fv2%2Fmedia&parent=119"}],"curies":[{"name":"wp","href":"https:\/\/api.w.org\/{rel}","templated":true}]}}